{"version":"1.0","provider_name":"Esponsorama","provider_url":"http:\/\/esponsorama.ad\/ca","title":"Barbera i Baz arriben a l'equador del campionat a Alemanya - Esponsorama","type":"rich","width":600,"height":338,"html":"<blockquote class=\"wp-embedded-content\" data-secret=\"ab0LzdcdSw\"><a href=\"http:\/\/esponsorama.ad\/ca\/barbera-baz-llegan-al-ecuador-del-campeonato-alemania\/\">Barbera i Baz arriben a l&#8217;equador del campionat a Alemanya<\/a><\/blockquote><iframe sandbox=\"allow-scripts\" security=\"restricted\" src=\"http:\/\/esponsorama.ad\/ca\/barbera-baz-llegan-al-ecuador-del-campeonato-alemania\/embed\/#?secret=ab0LzdcdSw\" width=\"600\" height=\"338\" title=\"&#8220;Barbera i Baz arriben a l&#8217;equador del campionat a Alemanya&#8221; &#8212; Esponsorama\" data-secret=\"ab0LzdcdSw\" frameborder=\"0\" marginwidth=\"0\" marginheight=\"0\" scrolling=\"no\" class=\"wp-embedded-content\"><\/iframe><script type=\"text\/javascript\">\n\/* <![CDATA[ *\/\n\/*! This file is auto-generated *\/\n!function(d,l){\"use strict\";l.querySelector&&d.addEventListener&&\"undefined\"!=typeof URL&&(d.wp=d.wp||{},d.wp.receiveEmbedMessage||(d.wp.receiveEmbedMessage=function(e){var t=e.data;if((t||t.secret||t.message||t.value)&&!\/[^a-zA-Z0-9]\/.test(t.secret)){for(var s,r,n,a=l.querySelectorAll('iframe[data-secret=\"'+t.secret+'\"]'),o=l.querySelectorAll('blockquote[data-secret=\"'+t.secret+'\"]'),c=new RegExp(\"^https?:$\",\"i\"),i=0;i<o.length;i++)o[i].style.display=\"none\";for(i=0;i<a.length;i++)s=a[i],e.source===s.contentWindow&&(s.removeAttribute(\"style\"),\"height\"===t.message?(1e3<(r=parseInt(t.value,10))?r=1e3:~~r<200&&(r=200),s.height=r):\"link\"===t.message&&(r=new URL(s.getAttribute(\"src\")),n=new URL(t.value),c.test(n.protocol))&&n.host===r.host&&l.activeElement===s&&(d.top.location.href=t.value))}},d.addEventListener(\"message\",d.wp.receiveEmbedMessage,!1),l.addEventListener(\"DOMContentLoaded\",function(){for(var e,t,s=l.querySelectorAll(\"iframe.wp-embedded-content\"),r=0;r<s.length;r++)(t=(e=s[r]).getAttribute(\"data-secret\"))||(t=Math.random().toString(36).substring(2,12),e.src+=\"#?secret=\"+t,e.setAttribute(\"data-secret\",t)),e.contentWindow.postMessage({message:\"ready\",secret:t},\"*\")},!1)))}(window,document);\n\/\/# sourceURL=http:\/\/esponsorama.ad\/wp-includes\/js\/wp-embed.min.js\n\/* ]]> *\/\n<\/script>\n","thumbnail_url":"http:\/\/esponsorama.ad\/wp-content\/uploads\/2017\/06\/08ASSEN17Avintia-4370-1024x683.jpg","thumbnail_width":1024,"thumbnail_height":683,"description":"Els pilots de l&#8217;equip Reale Avintia Racing arriben a Alemanya aquest cap de setmana per disputar la novena cita del Campionat del M\u00f3n de MotoGP 2017. Amb una longitud de tan sols 3,7km, Sachsenring \u00e9s el circuit m\u00e9s curt del calendari i tamb\u00e9 el m\u00e9s lent pel que fa a la velocitat mitjana. Per\u00f2 les [&hellip;]"}

Els pilots de l&#8217;equip Reale Avintia Racing arriben a Alemanya aquest cap de setmana per disputar la novena cita del Campionat del Món de MotoGP 2017. Amb una longitud de tan sols 3,7km, Sachsenring és el circuit més curt del calendari i també el més lent pel que fa a la velocitat mitjana. Però les [&hellip;]
