{"version":"1.0","provider_name":"Esponsorama","provider_url":"http:\/\/esponsorama.ad\/ca","title":"H\u00e9ctor Barber\u00e1 vuit\u00e8 el primer d\u00eda a Mal\u00e0isia - Esponsorama","type":"rich","width":600,"height":338,"html":"<blockquote class=\"wp-embedded-content\" data-secret=\"nbYgkRSbZr\"><a href=\"http:\/\/esponsorama.ad\/ca\/hector-barbera-octavo-primer-dia-malasia-3\/\">H\u00e9ctor Barber\u00e1 vuit\u00e8 el primer d\u00eda a Mal\u00e0isia<\/a><\/blockquote><iframe sandbox=\"allow-scripts\" security=\"restricted\" src=\"http:\/\/esponsorama.ad\/ca\/hector-barbera-octavo-primer-dia-malasia-3\/embed\/#?secret=nbYgkRSbZr\" width=\"600\" height=\"338\" title=\"&#8220;H\u00e9ctor Barber\u00e1 vuit\u00e8 el primer d\u00eda a Mal\u00e0isia&#8221; &#8212; Esponsorama\" data-secret=\"nbYgkRSbZr\" frameborder=\"0\" marginwidth=\"0\" marginheight=\"0\" scrolling=\"no\" class=\"wp-embedded-content\"><\/iframe><script type=\"text\/javascript\">\n\/* <![CDATA[ *\/\n\/*! This file is auto-generated *\/\n!function(d,l){\"use strict\";l.querySelector&&d.addEventListener&&\"undefined\"!=typeof URL&&(d.wp=d.wp||{},d.wp.receiveEmbedMessage||(d.wp.receiveEmbedMessage=function(e){var t=e.data;if((t||t.secret||t.message||t.value)&&!\/[^a-zA-Z0-9]\/.test(t.secret)){for(var s,r,n,a=l.querySelectorAll('iframe[data-secret=\"'+t.secret+'\"]'),o=l.querySelectorAll('blockquote[data-secret=\"'+t.secret+'\"]'),c=new RegExp(\"^https?:$\",\"i\"),i=0;i<o.length;i++)o[i].style.display=\"none\";for(i=0;i<a.length;i++)s=a[i],e.source===s.contentWindow&&(s.removeAttribute(\"style\"),\"height\"===t.message?(1e3<(r=parseInt(t.value,10))?r=1e3:~~r<200&&(r=200),s.height=r):\"link\"===t.message&&(r=new URL(s.getAttribute(\"src\")),n=new URL(t.value),c.test(n.protocol))&&n.host===r.host&&l.activeElement===s&&(d.top.location.href=t.value))}},d.addEventListener(\"message\",d.wp.receiveEmbedMessage,!1),l.addEventListener(\"DOMContentLoaded\",function(){for(var e,t,s=l.querySelectorAll(\"iframe.wp-embedded-content\"),r=0;r<s.length;r++)(t=(e=s[r]).getAttribute(\"data-secret\"))||(t=Math.random().toString(36).substring(2,12),e.src+=\"#?secret=\"+t,e.setAttribute(\"data-secret\",t)),e.contentWindow.postMessage({message:\"ready\",secret:t},\"*\")},!1)))}(window,document);\n\/\/# sourceURL=http:\/\/esponsorama.ad\/wp-includes\/js\/wp-embed.min.js\n\/* ]]> *\/\n<\/script>\n","thumbnail_url":"http:\/\/esponsorama.ad\/wp-content\/uploads\/2017\/10\/17SEPANG17MgpREALE_AVINTIA-8411-1024x683.jpg","thumbnail_width":1024,"thumbnail_height":683,"description":"Un cop m\u00e9s la climatolog\u00eda ha tornat a ser protagonista en la primera jornada d&#8217;entrenaments lliures per al Gran Premi de Mal\u00e0isia al circuit de Sepang. Just abans de comen\u00e7ar el FP1 una petita tempesta ha deixat la pista prou mullada per no poder usar slicks i tampoc els pneum\u00e0tics d&#8217;aigua de Michelin. Per\u00f2 al [&hellip;]"}

Héctor Barberá vuitè el primer día a Malàisia - Esponsorama

<blockquote class="wp-embedded-content" data-secret="nbYgkRSbZr"><a href="http://esponsorama.ad/ca/hector-barbera-octavo-primer-dia-malasia-3/">Héctor Barberá vuitè el primer día a Malàisia</a></blockquote><iframe sandbox="allow-scripts" security="restricted" src="http://esponsorama.ad/ca/hector-barbera-octavo-primer-dia-malasia-3/embed/#?secret=nbYgkRSbZr" width="600" height="338" title="&#8220;Héctor Barberá vuitè el primer día a Malàisia&#8221; &#8212; Esponsorama" data-secret="nbYgkRSbZr" frameborder="0" marginwidth="0" marginheight="0" scrolling="no" class="wp-embedded-content"></iframe><script type="text/javascript">
/* <![CDATA[ */
/*! This file is auto-generated */
!function(d,l){"use strict";l.querySelector&&d.addEventListener&&"undefined"!=typeof URL&&(d.wp=d.wp||{},d.wp.receiveEmbedMessage||(d.wp.receiveEmbedMessage=function(e){var t=e.data;if((t||t.secret||t.message||t.value)&&!/[^a-zA-Z0-9]/.test(t.secret)){for(var s,r,n,a=l.querySelectorAll('iframe[data-secret="'+t.secret+'"]'),o=l.querySelectorAll('blockquote[data-secret="'+t.secret+'"]'),c=new RegExp("^https?:$","i"),i=0;i<o.length;i++)o[i].style.display="none";for(i=0;i<a.length;i++)s=a[i],e.source===s.contentWindow&&(s.removeAttribute("style"),"height"===t.message?(1e3<(r=parseInt(t.value,10))?r=1e3:~~r<200&&(r=200),s.height=r):"link"===t.message&&(r=new URL(s.getAttribute("src")),n=new URL(t.value),c.test(n.protocol))&&n.host===r.host&&l.activeElement===s&&(d.top.location.href=t.value))}},d.addEventListener("message",d.wp.receiveEmbedMessage,!1),l.addEventListener("DOMContentLoaded",function(){for(var e,t,s=l.querySelectorAll("iframe.wp-embedded-content"),r=0;r<s.length;r++)(t=(e=s[r]).getAttribute("data-secret"))||(t=Math.random().toString(36).substring(2,12),e.src+="#?secret="+t,e.setAttribute("data-secret",t)),e.contentWindow.postMessage({message:"ready",secret:t},"*")},!1)))}(window,document);
//# sourceURL=http://esponsorama.ad/wp-includes/js/wp-embed.min.js
/* ]]> */
</script>

Un cop més la climatología ha tornat a ser protagonista en la primera jornada d&#8217;entrenaments lliures per al Gran Premi de Malàisia al circuit de Sepang. Just abans de començar el FP1 una petita tempesta ha deixat la pista prou mullada per no poder usar slicks i tampoc els pneumàtics d&#8217;aigua de Michelin. Però al [&hellip;]
