{"version":"1.0","provider_name":"Esponsorama","provider_url":"http:\/\/esponsorama.ad\/es","title":"Cara y cruz para el Avintia Esponsorama Racing en Austria - Esponsorama","type":"rich","width":600,"height":338,"html":"<blockquote class=\"wp-embedded-content\" data-secret=\"WR5iv95l8F\"><a href=\"http:\/\/esponsorama.ad\/es\/cara-cruz-avintia-esponsorama-racing-austria\/\">Cara y cruz para el Avintia Esponsorama Racing en Austria<\/a><\/blockquote><iframe sandbox=\"allow-scripts\" security=\"restricted\" src=\"http:\/\/esponsorama.ad\/es\/cara-cruz-avintia-esponsorama-racing-austria\/embed\/#?secret=WR5iv95l8F\" width=\"600\" height=\"338\" title=\"\u00abCara y cruz para el Avintia Esponsorama Racing en Austria\u00bb \u2014 Esponsorama\" data-secret=\"WR5iv95l8F\" frameborder=\"0\" marginwidth=\"0\" marginheight=\"0\" scrolling=\"no\" class=\"wp-embedded-content\"><\/iframe><script type=\"text\/javascript\">\n\/* <![CDATA[ *\/\n\/*! This file is auto-generated *\/\n!function(d,l){\"use strict\";l.querySelector&&d.addEventListener&&\"undefined\"!=typeof URL&&(d.wp=d.wp||{},d.wp.receiveEmbedMessage||(d.wp.receiveEmbedMessage=function(e){var t=e.data;if((t||t.secret||t.message||t.value)&&!\/[^a-zA-Z0-9]\/.test(t.secret)){for(var s,r,n,a=l.querySelectorAll('iframe[data-secret=\"'+t.secret+'\"]'),o=l.querySelectorAll('blockquote[data-secret=\"'+t.secret+'\"]'),c=new RegExp(\"^https?:$\",\"i\"),i=0;i<o.length;i++)o[i].style.display=\"none\";for(i=0;i<a.length;i++)s=a[i],e.source===s.contentWindow&&(s.removeAttribute(\"style\"),\"height\"===t.message?(1e3<(r=parseInt(t.value,10))?r=1e3:~~r<200&&(r=200),s.height=r):\"link\"===t.message&&(r=new URL(s.getAttribute(\"src\")),n=new URL(t.value),c.test(n.protocol))&&n.host===r.host&&l.activeElement===s&&(d.top.location.href=t.value))}},d.addEventListener(\"message\",d.wp.receiveEmbedMessage,!1),l.addEventListener(\"DOMContentLoaded\",function(){for(var e,t,s=l.querySelectorAll(\"iframe.wp-embedded-content\"),r=0;r<s.length;r++)(t=(e=s[r]).getAttribute(\"data-secret\"))||(t=Math.random().toString(36).substring(2,12),e.src+=\"#?secret=\"+t,e.setAttribute(\"data-secret\",t)),e.contentWindow.postMessage({message:\"ready\",secret:t},\"*\")},!1)))}(window,document);\n\/\/# sourceURL=http:\/\/esponsorama.ad\/wp-includes\/js\/wp-embed.min.js\n\/* ]]> *\/\n<\/script>\n","thumbnail_url":"http:\/\/esponsorama.ad\/wp-content\/uploads\/2019\/08\/11Austria19MeESPONSORAMA_JOC4744-1024x683.jpg","thumbnail_width":1024,"thumbnail_height":683,"description":"Los pilotos de MotoE se encontraron con la pista h\u00fameda y de ah\u00ed que la carrera fuese declarada en mojado lo cual era gran inc\u00f3gnita porque nadie hab\u00eda rodado hasta entonces en esas condiciones con las motos el\u00e9ctricas en Austria. Xavier Simeon realiz\u00f3 una buena salida manteni\u00e9ndose segundo a rueda del primero mientras que Eric [&hellip;]"}

Los pilotos de MotoE se encontraron con la pista húmeda y de ahí que la carrera fuese declarada en mojado lo cual era gran incógnita porque nadie había rodado hasta entonces en esas condiciones con las motos eléctricas en Austria. Xavier Simeon realizó una buena salida manteniéndose segundo a rueda del primero mientras que Eric [&hellip;]
