{"version":"1.0","provider_name":"Esponsorama","provider_url":"http:\/\/esponsorama.ad\/es","title":"Dif\u00edcil fin de semana para el Reale Avintia Racing Team en Assen - Esponsorama","type":"rich","width":600,"height":338,"html":"<blockquote class=\"wp-embedded-content\" data-secret=\"MVJkvzeoE4\"><a href=\"http:\/\/esponsorama.ad\/es\/dificil-fin-semana-reale-avintia-racing-team-assen\/\">Dif\u00edcil fin de semana para el Reale Avintia Racing Team en Assen<\/a><\/blockquote><iframe sandbox=\"allow-scripts\" security=\"restricted\" src=\"http:\/\/esponsorama.ad\/es\/dificil-fin-semana-reale-avintia-racing-team-assen\/embed\/#?secret=MVJkvzeoE4\" width=\"600\" height=\"338\" title=\"\u00abDif\u00edcil fin de semana para el Reale Avintia Racing Team en Assen\u00bb \u2014 Esponsorama\" data-secret=\"MVJkvzeoE4\" frameborder=\"0\" marginwidth=\"0\" marginheight=\"0\" scrolling=\"no\" class=\"wp-embedded-content\"><\/iframe><script type=\"text\/javascript\">\n\/* <![CDATA[ *\/\n\/*! This file is auto-generated *\/\n!function(d,l){\"use strict\";l.querySelector&&d.addEventListener&&\"undefined\"!=typeof URL&&(d.wp=d.wp||{},d.wp.receiveEmbedMessage||(d.wp.receiveEmbedMessage=function(e){var t=e.data;if((t||t.secret||t.message||t.value)&&!\/[^a-zA-Z0-9]\/.test(t.secret)){for(var s,r,n,a=l.querySelectorAll('iframe[data-secret=\"'+t.secret+'\"]'),o=l.querySelectorAll('blockquote[data-secret=\"'+t.secret+'\"]'),c=new RegExp(\"^https?:$\",\"i\"),i=0;i<o.length;i++)o[i].style.display=\"none\";for(i=0;i<a.length;i++)s=a[i],e.source===s.contentWindow&&(s.removeAttribute(\"style\"),\"height\"===t.message?(1e3<(r=parseInt(t.value,10))?r=1e3:~~r<200&&(r=200),s.height=r):\"link\"===t.message&&(r=new URL(s.getAttribute(\"src\")),n=new URL(t.value),c.test(n.protocol))&&n.host===r.host&&l.activeElement===s&&(d.top.location.href=t.value))}},d.addEventListener(\"message\",d.wp.receiveEmbedMessage,!1),l.addEventListener(\"DOMContentLoaded\",function(){for(var e,t,s=l.querySelectorAll(\"iframe.wp-embedded-content\"),r=0;r<s.length;r++)(t=(e=s[r]).getAttribute(\"data-secret\"))||(t=Math.random().toString(36).substring(2,12),e.src+=\"#?secret=\"+t,e.setAttribute(\"data-secret\",t)),e.contentWindow.postMessage({message:\"ready\",secret:t},\"*\")},!1)))}(window,document);\n\/\/# sourceURL=http:\/\/esponsorama.ad\/wp-includes\/js\/wp-embed.min.js\n\/* ]]> *\/\n<\/script>\n","thumbnail_url":"http:\/\/esponsorama.ad\/wp-content\/uploads\/2019\/07\/08Holanda19MgpESPONSORAMA_JOC2314-1024x683.jpg","thumbnail_width":1024,"thumbnail_height":683,"description":"Los pilotos del Reale Avintia Racing Team llegaban al GP de Holanda con optimismo, pues Tito Rabat ven\u00eda de conseguir el primer Top 10 del a\u00f1o en el GP de Catalunya y Karel Abraham tambi\u00e9n hab\u00eda hecho un buen\u00a0fin de semana la cita anterior, a pesar de una desafortunada ca\u00edda en carrera. Sin embargo, ambos [&hellip;]"}

Difícil fin de semana para el Reale Avintia Racing Team en Assen - Esponsorama

<blockquote class="wp-embedded-content" data-secret="MVJkvzeoE4"><a href="http://esponsorama.ad/es/dificil-fin-semana-reale-avintia-racing-team-assen/">Difícil fin de semana para el Reale Avintia Racing Team en Assen</a></blockquote><iframe sandbox="allow-scripts" security="restricted" src="http://esponsorama.ad/es/dificil-fin-semana-reale-avintia-racing-team-assen/embed/#?secret=MVJkvzeoE4" width="600" height="338" title="«Difícil fin de semana para el Reale Avintia Racing Team en Assen» — Esponsorama" data-secret="MVJkvzeoE4" frameborder="0" marginwidth="0" marginheight="0" scrolling="no" class="wp-embedded-content"></iframe><script type="text/javascript">
/* <![CDATA[ */
/*! This file is auto-generated */
!function(d,l){"use strict";l.querySelector&&d.addEventListener&&"undefined"!=typeof URL&&(d.wp=d.wp||{},d.wp.receiveEmbedMessage||(d.wp.receiveEmbedMessage=function(e){var t=e.data;if((t||t.secret||t.message||t.value)&&!/[^a-zA-Z0-9]/.test(t.secret)){for(var s,r,n,a=l.querySelectorAll('iframe[data-secret="'+t.secret+'"]'),o=l.querySelectorAll('blockquote[data-secret="'+t.secret+'"]'),c=new RegExp("^https?:$","i"),i=0;i<o.length;i++)o[i].style.display="none";for(i=0;i<a.length;i++)s=a[i],e.source===s.contentWindow&&(s.removeAttribute("style"),"height"===t.message?(1e3<(r=parseInt(t.value,10))?r=1e3:~~r<200&&(r=200),s.height=r):"link"===t.message&&(r=new URL(s.getAttribute("src")),n=new URL(t.value),c.test(n.protocol))&&n.host===r.host&&l.activeElement===s&&(d.top.location.href=t.value))}},d.addEventListener("message",d.wp.receiveEmbedMessage,!1),l.addEventListener("DOMContentLoaded",function(){for(var e,t,s=l.querySelectorAll("iframe.wp-embedded-content"),r=0;r<s.length;r++)(t=(e=s[r]).getAttribute("data-secret"))||(t=Math.random().toString(36).substring(2,12),e.src+="#?secret="+t,e.setAttribute("data-secret",t)),e.contentWindow.postMessage({message:"ready",secret:t},"*")},!1)))}(window,document);
//# sourceURL=http://esponsorama.ad/wp-includes/js/wp-embed.min.js
/* ]]> */
</script>

Los pilotos del Reale Avintia Racing Team llegaban al GP de Holanda con optimismo, pues Tito Rabat venía de conseguir el primer Top 10 del año en el GP de Catalunya y Karel Abraham también había hecho un buen fin de semana la cita anterior, a pesar de una desafortunada caída en carrera. Sin embargo, ambos [&hellip;]
