{"version":"1.0","provider_name":"Esponsorama","provider_url":"http:\/\/esponsorama.ad\/es","title":"Stefano Nepa cierra un positivo fin de semana de aprendizaje en Alemania - Esponsorama","type":"rich","width":600,"height":338,"html":"<blockquote class=\"wp-embedded-content\" data-secret=\"URvUTu2zzZ\"><a href=\"http:\/\/esponsorama.ad\/es\/stefano-nepa-cierra-positivo-fin-semana-aprendizaje-alemania\/\">Stefano Nepa cierra un positivo fin de semana de aprendizaje en Alemania<\/a><\/blockquote><iframe sandbox=\"allow-scripts\" security=\"restricted\" src=\"http:\/\/esponsorama.ad\/es\/stefano-nepa-cierra-positivo-fin-semana-aprendizaje-alemania\/embed\/#?secret=URvUTu2zzZ\" width=\"600\" height=\"338\" title=\"\u00abStefano Nepa cierra un positivo fin de semana de aprendizaje en Alemania\u00bb \u2014 Esponsorama\" data-secret=\"URvUTu2zzZ\" frameborder=\"0\" marginwidth=\"0\" marginheight=\"0\" scrolling=\"no\" class=\"wp-embedded-content\"><\/iframe><script type=\"text\/javascript\">\n\/* <![CDATA[ *\/\n\/*! This file is auto-generated *\/\n!function(d,l){\"use strict\";l.querySelector&&d.addEventListener&&\"undefined\"!=typeof URL&&(d.wp=d.wp||{},d.wp.receiveEmbedMessage||(d.wp.receiveEmbedMessage=function(e){var t=e.data;if((t||t.secret||t.message||t.value)&&!\/[^a-zA-Z0-9]\/.test(t.secret)){for(var s,r,n,a=l.querySelectorAll('iframe[data-secret=\"'+t.secret+'\"]'),o=l.querySelectorAll('blockquote[data-secret=\"'+t.secret+'\"]'),c=new RegExp(\"^https?:$\",\"i\"),i=0;i<o.length;i++)o[i].style.display=\"none\";for(i=0;i<a.length;i++)s=a[i],e.source===s.contentWindow&&(s.removeAttribute(\"style\"),\"height\"===t.message?(1e3<(r=parseInt(t.value,10))?r=1e3:~~r<200&&(r=200),s.height=r):\"link\"===t.message&&(r=new URL(s.getAttribute(\"src\")),n=new URL(t.value),c.test(n.protocol))&&n.host===r.host&&l.activeElement===s&&(d.top.location.href=t.value))}},d.addEventListener(\"message\",d.wp.receiveEmbedMessage,!1),l.addEventListener(\"DOMContentLoaded\",function(){for(var e,t,s=l.querySelectorAll(\"iframe.wp-embedded-content\"),r=0;r<s.length;r++)(t=(e=s[r]).getAttribute(\"data-secret\"))||(t=Math.random().toString(36).substring(2,12),e.src+=\"#?secret=\"+t,e.setAttribute(\"data-secret\",t)),e.contentWindow.postMessage({message:\"ready\",secret:t},\"*\")},!1)))}(window,document);\n\/\/# sourceURL=http:\/\/esponsorama.ad\/wp-includes\/js\/wp-embed.min.js\n\/* ]]> *\/\n<\/script>\n","thumbnail_url":"http:\/\/esponsorama.ad\/wp-content\/uploads\/2019\/07\/09Alemania19M3Esponsorama_JOC4066-1-1-1024x683.jpg","thumbnail_width":1024,"thumbnail_height":683,"description":"Stefano Nepa sal\u00eda en parrilla desde la s\u00e9ptima fila en 26\u00ba posici\u00f3n. El piloto italiano complet\u00f3 su segunda carrera mundialista con el Reale Avintia Arizona 77 en un nuevo fin de semana de adaptaci\u00f3n a su KTM. El final de carrera iba a ser una inc\u00f3gnita porque se sab\u00eda que los neum\u00e1ticos iban a llegar [&hellip;]"}

Stefano Nepa salía en parrilla desde la séptima fila en 26º posición. El piloto italiano completó su segunda carrera mundialista con el Reale Avintia Arizona 77 en un nuevo fin de semana de adaptación a su KTM. El final de carrera iba a ser una incógnita porque se sabía que los neumáticos iban a llegar [&hellip;]
