{"version":"1.0","provider_name":"Esponsorama","provider_url":"http:\/\/esponsorama.ad\/es","title":"Tito Rabat y Karel Abraham suman otro positivo test en Sepang - Esponsorama","type":"rich","width":600,"height":338,"html":"<blockquote class=\"wp-embedded-content\" data-secret=\"S4Udnhq2AZ\"><a href=\"http:\/\/esponsorama.ad\/es\/tito-rabar-karel-abraham-suman-positivo-test-sepang\/\">Tito Rabat y Karel Abraham suman otro positivo test en Sepang<\/a><\/blockquote><iframe sandbox=\"allow-scripts\" security=\"restricted\" src=\"http:\/\/esponsorama.ad\/es\/tito-rabar-karel-abraham-suman-positivo-test-sepang\/embed\/#?secret=S4Udnhq2AZ\" width=\"600\" height=\"338\" title=\"\u00abTito Rabat y Karel Abraham suman otro positivo test en Sepang\u00bb \u2014 Esponsorama\" data-secret=\"S4Udnhq2AZ\" frameborder=\"0\" marginwidth=\"0\" marginheight=\"0\" scrolling=\"no\" class=\"wp-embedded-content\"><\/iframe><script type=\"text\/javascript\">\n\/* <![CDATA[ *\/\n\/*! This file is auto-generated *\/\n!function(d,l){\"use strict\";l.querySelector&&d.addEventListener&&\"undefined\"!=typeof URL&&(d.wp=d.wp||{},d.wp.receiveEmbedMessage||(d.wp.receiveEmbedMessage=function(e){var t=e.data;if((t||t.secret||t.message||t.value)&&!\/[^a-zA-Z0-9]\/.test(t.secret)){for(var s,r,n,a=l.querySelectorAll('iframe[data-secret=\"'+t.secret+'\"]'),o=l.querySelectorAll('blockquote[data-secret=\"'+t.secret+'\"]'),c=new RegExp(\"^https?:$\",\"i\"),i=0;i<o.length;i++)o[i].style.display=\"none\";for(i=0;i<a.length;i++)s=a[i],e.source===s.contentWindow&&(s.removeAttribute(\"style\"),\"height\"===t.message?(1e3<(r=parseInt(t.value,10))?r=1e3:~~r<200&&(r=200),s.height=r):\"link\"===t.message&&(r=new URL(s.getAttribute(\"src\")),n=new URL(t.value),c.test(n.protocol))&&n.host===r.host&&l.activeElement===s&&(d.top.location.href=t.value))}},d.addEventListener(\"message\",d.wp.receiveEmbedMessage,!1),l.addEventListener(\"DOMContentLoaded\",function(){for(var e,t,s=l.querySelectorAll(\"iframe.wp-embedded-content\"),r=0;r<s.length;r++)(t=(e=s[r]).getAttribute(\"data-secret\"))||(t=Math.random().toString(36).substring(2,12),e.src+=\"#?secret=\"+t,e.setAttribute(\"data-secret\",t)),e.contentWindow.postMessage({message:\"ready\",secret:t},\"*\")},!1)))}(window,document);\n\/\/# sourceURL=http:\/\/esponsorama.ad\/wp-includes\/js\/wp-embed.min.js\n\/* ]]> *\/\n<\/script>\n","thumbnail_url":"http:\/\/esponsorama.ad\/wp-content\/uploads\/2019\/04\/Captura-de-pantalla-2019-04-04-a-las-20.11.57-1.png","thumbnail_width":1118,"thumbnail_height":740,"description":"Los pilotos del Reale Avintia Racing Team, han podido disponer del nuevo material de Ducati que no tuvieron en los test de Jerez para afrontar tres d\u00edas en Sepang con lo que ser\u00e1 la nueva moto para la temporada; la \u00faltima evoluci\u00f3n de la Ducati 2018. La confianza que \u00a0la f\u00e1brica de Borgo Panigale \u00a0ha [&hellip;]"}

Los pilotos del Reale Avintia Racing Team, han podido disponer del nuevo material de Ducati que no tuvieron en los test de Jerez para afrontar tres días en Sepang con lo que será la nueva moto para la temporada; la última evolución de la Ducati 2018. La confianza que  la fábrica de Borgo Panigale  ha [&hellip;]
