{"version":"1.0","provider_name":"Esponsorama","provider_url":"http:\/\/esponsorama.ad\/es","title":"UNA PENALIZACI\u00d3N COMPROMETE LA CARRERA DE CARLOS TATAY EN MISANO - Esponsorama","type":"rich","width":600,"height":338,"html":"<blockquote class=\"wp-embedded-content\" data-secret=\"Moj8lAcNKX\"><a href=\"http:\/\/esponsorama.ad\/es\/una-penalizacion-compromete-la-carrera-carlos-tatay-misano\/\">UNA PENALIZACI\u00d3N COMPROMETE LA CARRERA DE CARLOS TATAY EN MISANO<\/a><\/blockquote><iframe sandbox=\"allow-scripts\" security=\"restricted\" src=\"http:\/\/esponsorama.ad\/es\/una-penalizacion-compromete-la-carrera-carlos-tatay-misano\/embed\/#?secret=Moj8lAcNKX\" width=\"600\" height=\"338\" title=\"\u00abUNA PENALIZACI\u00d3N COMPROMETE LA CARRERA DE CARLOS TATAY EN MISANO\u00bb \u2014 Esponsorama\" data-secret=\"Moj8lAcNKX\" frameborder=\"0\" marginwidth=\"0\" marginheight=\"0\" scrolling=\"no\" class=\"wp-embedded-content\"><\/iframe><script type=\"text\/javascript\">\n\/* <![CDATA[ *\/\n\/*! This file is auto-generated *\/\n!function(d,l){\"use strict\";l.querySelector&&d.addEventListener&&\"undefined\"!=typeof URL&&(d.wp=d.wp||{},d.wp.receiveEmbedMessage||(d.wp.receiveEmbedMessage=function(e){var t=e.data;if((t||t.secret||t.message||t.value)&&!\/[^a-zA-Z0-9]\/.test(t.secret)){for(var s,r,n,a=l.querySelectorAll('iframe[data-secret=\"'+t.secret+'\"]'),o=l.querySelectorAll('blockquote[data-secret=\"'+t.secret+'\"]'),c=new RegExp(\"^https?:$\",\"i\"),i=0;i<o.length;i++)o[i].style.display=\"none\";for(i=0;i<a.length;i++)s=a[i],e.source===s.contentWindow&&(s.removeAttribute(\"style\"),\"height\"===t.message?(1e3<(r=parseInt(t.value,10))?r=1e3:~~r<200&&(r=200),s.height=r):\"link\"===t.message&&(r=new URL(s.getAttribute(\"src\")),n=new URL(t.value),c.test(n.protocol))&&n.host===r.host&&l.activeElement===s&&(d.top.location.href=t.value))}},d.addEventListener(\"message\",d.wp.receiveEmbedMessage,!1),l.addEventListener(\"DOMContentLoaded\",function(){for(var e,t,s=l.querySelectorAll(\"iframe.wp-embedded-content\"),r=0;r<s.length;r++)(t=(e=s[r]).getAttribute(\"data-secret\"))||(t=Math.random().toString(36).substring(2,12),e.src+=\"#?secret=\"+t,e.setAttribute(\"data-secret\",t)),e.contentWindow.postMessage({message:\"ready\",secret:t},\"*\")},!1)))}(window,document);\n\/\/# sourceURL=http:\/\/esponsorama.ad\/wp-includes\/js\/wp-embed.min.js\n\/* ]]> *\/\n<\/script>\n","thumbnail_url":"http:\/\/esponsorama.ad\/wp-content\/uploads\/2020\/09\/08Misano20M3Esponsorama_ROB0213.jpg","thumbnail_width":5472,"thumbnail_height":3648,"description":"El Reale Avintia Moto3 y Carlos Tatay han completado el Gran Premio de la Emilia Romagna en el Misano World Circuit Marco Simoncelli. Tras clasificar 29\u00ba en la sesi\u00f3n clasificatoria disputada durante el s\u00e1bado, Carlos Tatay ha encarado la carrera con el objetivo de remontar posiciones. Pero el piloto espa\u00f1ol se ha visto penalizado con [&hellip;]"}

UNA PENALIZACIÓN COMPROMETE LA CARRERA DE CARLOS TATAY EN MISANO - Esponsorama

<blockquote class="wp-embedded-content" data-secret="Moj8lAcNKX"><a href="http://esponsorama.ad/es/una-penalizacion-compromete-la-carrera-carlos-tatay-misano/">UNA PENALIZACIÓN COMPROMETE LA CARRERA DE CARLOS TATAY EN MISANO</a></blockquote><iframe sandbox="allow-scripts" security="restricted" src="http://esponsorama.ad/es/una-penalizacion-compromete-la-carrera-carlos-tatay-misano/embed/#?secret=Moj8lAcNKX" width="600" height="338" title="«UNA PENALIZACIÓN COMPROMETE LA CARRERA DE CARLOS TATAY EN MISANO» — Esponsorama" data-secret="Moj8lAcNKX" frameborder="0" marginwidth="0" marginheight="0" scrolling="no" class="wp-embedded-content"></iframe><script type="text/javascript">
/* <![CDATA[ */
/*! This file is auto-generated */
!function(d,l){"use strict";l.querySelector&&d.addEventListener&&"undefined"!=typeof URL&&(d.wp=d.wp||{},d.wp.receiveEmbedMessage||(d.wp.receiveEmbedMessage=function(e){var t=e.data;if((t||t.secret||t.message||t.value)&&!/[^a-zA-Z0-9]/.test(t.secret)){for(var s,r,n,a=l.querySelectorAll('iframe[data-secret="'+t.secret+'"]'),o=l.querySelectorAll('blockquote[data-secret="'+t.secret+'"]'),c=new RegExp("^https?:$","i"),i=0;i<o.length;i++)o[i].style.display="none";for(i=0;i<a.length;i++)s=a[i],e.source===s.contentWindow&&(s.removeAttribute("style"),"height"===t.message?(1e3<(r=parseInt(t.value,10))?r=1e3:~~r<200&&(r=200),s.height=r):"link"===t.message&&(r=new URL(s.getAttribute("src")),n=new URL(t.value),c.test(n.protocol))&&n.host===r.host&&l.activeElement===s&&(d.top.location.href=t.value))}},d.addEventListener("message",d.wp.receiveEmbedMessage,!1),l.addEventListener("DOMContentLoaded",function(){for(var e,t,s=l.querySelectorAll("iframe.wp-embedded-content"),r=0;r<s.length;r++)(t=(e=s[r]).getAttribute("data-secret"))||(t=Math.random().toString(36).substring(2,12),e.src+="#?secret="+t,e.setAttribute("data-secret",t)),e.contentWindow.postMessage({message:"ready",secret:t},"*")},!1)))}(window,document);
//# sourceURL=http://esponsorama.ad/wp-includes/js/wp-embed.min.js
/* ]]> */
</script>

El Reale Avintia Moto3 y Carlos Tatay han completado el Gran Premio de la Emilia Romagna en el Misano World Circuit Marco Simoncelli. Tras clasificar 29º en la sesión clasificatoria disputada durante el sábado, Carlos Tatay ha encarado la carrera con el objetivo de remontar posiciones. Pero el piloto español se ha visto penalizado con [&hellip;]
